{"id":735,"date":"2016-06-02T09:24:45","date_gmt":"2016-06-02T08:24:45","guid":{"rendered":"http:\/\/gite-courtillas.fr\/?page_id=735"},"modified":"2024-04-07T11:47:29","modified_gmt":"2024-04-07T09:47:29","slug":"pour-venir","status":"publish","type":"page","link":"https:\/\/gite-courtillas.fr\/index.php\/infos-pratiques\/pour-venir\/","title":{"rendered":"Pour venir"},"content":{"rendered":"\n<p>Coordonn\u00e9es GPS : 45.688,0.520741<\/p>\n\n\n\n<p>15 rue du Bourg 16220 Montbron<\/p>\n\n\n\n<div class=\"wp-block-columns is-layout-flex wp-container-core-columns-is-layout-9d6595d7 wp-block-columns-is-layout-flex\">\n<div class=\"wp-block-column is-layout-flow wp-block-column-is-layout-flow\">\n<figure class=\"wp-block-image size-full is-style-default\"><a href=\"http:\/\/gite-courtillas.fr\/wp-content\/uploads\/2024\/04\/image.png\"><img loading=\"lazy\" decoding=\"async\" width=\"237\" height=\"159\" src=\"http:\/\/gite-courtillas.fr\/wp-content\/uploads\/2024\/04\/image.png\" alt=\"\" class=\"wp-image-1669\" srcset=\"https:\/\/gite-courtillas.fr\/wp-content\/uploads\/2024\/04\/image.png 237w, https:\/\/gite-courtillas.fr\/wp-content\/uploads\/2024\/04\/image-224x150.png 224w, https:\/\/gite-courtillas.fr\/wp-content\/uploads\/2024\/04\/image-150x101.png 150w\" sizes=\"auto, (max-width: 237px) 100vw, 237px\" \/><\/a><\/figure>\n<\/div>\n\n\n\n<div class=\"wp-block-column is-layout-flow wp-block-column-is-layout-flow\">\n<p><span style=\"text-decoration: underline;\"><strong>Attention !<\/strong><\/span> Certaines applications GPS, particuli\u00e8rement si vous arrivez de l&rsquo;Est (Limoges), vous envoient dans les derniers m\u00e8tres dans l&rsquo;Impasse des Grands Clos.<br><strong>Ne vous y engagez pas<\/strong>, c&rsquo;est une impasse dans laquelle il est p\u00e9rilleux de faire demi-tour<\/p>\n<\/div>\n<\/div>\n\n\n\n\n\n<div class=\"wp-block-columns is-layout-flex wp-container-core-columns-is-layout-9d6595d7 wp-block-columns-is-layout-flex\">\n<div class=\"wp-block-column is-layout-flow wp-block-column-is-layout-flow\" style=\"flex-basis:100%\">\n<p>\u00a0<\/p>\n<p><iframe loading=\"lazy\" style=\"border: 0;\" src=\"https:\/\/www.google.com\/maps\/embed?pb=!1m14!1m12!1m3!1d1951.901159700455!2d0.5214658162089152!3d45.68880392653538!2m3!1f0!2f0!3f0!3m2!1i1024!2i768!4f13.1!5e0!3m2!1sfr!2sfr!4v1464855805693\" width=\"700\" height=\"450\" frameborder=\"0\" allowfullscreen=\"allowfullscreen\"><\/iframe><\/p>\n<\/div>\n<\/div>\n","protected":false},"excerpt":{"rendered":"<p>Coordonn\u00e9es GPS : 45.688,0.520741 15 rue du Bourg 16220 Montbron Attention ! Certaines applications GPS, particuli\u00e8rement si vous arrivez de l&rsquo;Est (Limoges), vous envoient dans les derniers m\u00e8tres dans l&rsquo;Impasse des Grands Clos.Ne vous y engagez pas, c&rsquo;est une impasse dans laquelle il est p\u00e9rilleux de faire demi-tour \u00a0 <a class=\"continue-reading-link\" href=\"https:\/\/gite-courtillas.fr\/index.php\/infos-pratiques\/pour-venir\/\">En lire plus &#8230;.<\/a><\/p>\n","protected":false},"author":1,"featured_media":0,"parent":39,"menu_order":0,"comment_status":"closed","ping_status":"closed","template":"","meta":{"footnotes":""},"class_list":["post-735","page","type-page","status-publish","hentry"],"yoast_head":"<!-- This site is optimized with the Yoast SEO plugin v22.0 - https:\/\/yoast.com\/wordpress\/plugins\/seo\/ -->\n<title>Pour venir - Gite de Courtillas<\/title>\n<meta name=\"robots\" content=\"index, follow, max-snippet:-1, max-image-preview:large, max-video-preview:-1\" \/>\n<link rel=\"canonical\" href=\"http:\/\/gite-courtillas.fr\/index.php\/infos-pratiques\/pour-venir\/\" \/>\n<meta property=\"og:locale\" content=\"fr_FR\" \/>\n<meta property=\"og:type\" content=\"article\" \/>\n<meta property=\"og:title\" content=\"Pour venir - Gite de Courtillas\" \/>\n<meta property=\"og:description\" content=\"Coordonn\u00e9es GPS : 45.688,0.520741 15 rue du Bourg 16220 Montbron Attention ! Certaines applications GPS, particuli\u00e8rement si vous arrivez de l&rsquo;Est (Limoges), vous envoient dans les derniers m\u00e8tres dans l&rsquo;Impasse des Grands Clos.Ne vous y engagez pas, c&rsquo;est une impasse dans laquelle il est p\u00e9rilleux de faire demi-tour \u00a0 En lire plus ....\" \/>\n<meta property=\"og:url\" content=\"http:\/\/gite-courtillas.fr\/index.php\/infos-pratiques\/pour-venir\/\" \/>\n<meta property=\"og:site_name\" content=\"Gite de Courtillas\" \/>\n<meta property=\"article:publisher\" content=\"https:\/\/www.facebook.com\/Le-Gite-192389200812938\/\" \/>\n<meta property=\"article:modified_time\" content=\"2024-04-07T09:47:29+00:00\" \/>\n<meta property=\"og:image\" content=\"http:\/\/gite-courtillas.fr\/wp-content\/uploads\/2024\/04\/image.png\" \/>\n<meta name=\"twitter:card\" content=\"summary_large_image\" \/>\n<meta name=\"twitter:label1\" content=\"Dur\u00e9e de lecture estim\u00e9e\" \/>\n\t<meta name=\"twitter:data1\" content=\"1 minute\" \/>\n<script type=\"application\/ld+json\" class=\"yoast-schema-graph\">{\"@context\":\"https:\/\/schema.org\",\"@graph\":[{\"@type\":\"WebPage\",\"@id\":\"http:\/\/gite-courtillas.fr\/index.php\/infos-pratiques\/pour-venir\/\",\"url\":\"http:\/\/gite-courtillas.fr\/index.php\/infos-pratiques\/pour-venir\/\",\"name\":\"Pour venir - Gite de Courtillas\",\"isPartOf\":{\"@id\":\"http:\/\/gite-courtillas.fr\/#website\"},\"datePublished\":\"2016-06-02T08:24:45+00:00\",\"dateModified\":\"2024-04-07T09:47:29+00:00\",\"breadcrumb\":{\"@id\":\"http:\/\/gite-courtillas.fr\/index.php\/infos-pratiques\/pour-venir\/#breadcrumb\"},\"inLanguage\":\"fr-FR\",\"potentialAction\":[{\"@type\":\"ReadAction\",\"target\":[\"http:\/\/gite-courtillas.fr\/index.php\/infos-pratiques\/pour-venir\/\"]}]},{\"@type\":\"BreadcrumbList\",\"@id\":\"http:\/\/gite-courtillas.fr\/index.php\/infos-pratiques\/pour-venir\/#breadcrumb\",\"itemListElement\":[{\"@type\":\"ListItem\",\"position\":1,\"name\":\"Accueil\",\"item\":\"http:\/\/gite-courtillas.fr\/\"},{\"@type\":\"ListItem\",\"position\":2,\"name\":\"Infos pratiques\",\"item\":\"https:\/\/gite-courtillas.fr\/index.php\/infos-pratiques\/\"},{\"@type\":\"ListItem\",\"position\":3,\"name\":\"Pour venir\"}]},{\"@type\":\"WebSite\",\"@id\":\"http:\/\/gite-courtillas.fr\/#website\",\"url\":\"http:\/\/gite-courtillas.fr\/\",\"name\":\"Gite de Courtillas\",\"description\":\"Tourisme vert et baignades en Charente\",\"publisher\":{\"@id\":\"http:\/\/gite-courtillas.fr\/#organization\"},\"potentialAction\":[{\"@type\":\"SearchAction\",\"target\":{\"@type\":\"EntryPoint\",\"urlTemplate\":\"http:\/\/gite-courtillas.fr\/?s={search_term_string}\"},\"query-input\":\"required name=search_term_string\"}],\"inLanguage\":\"fr-FR\"},{\"@type\":\"Organization\",\"@id\":\"http:\/\/gite-courtillas.fr\/#organization\",\"name\":\"Gite de Courtillas\",\"url\":\"http:\/\/gite-courtillas.fr\/\",\"logo\":{\"@type\":\"ImageObject\",\"inLanguage\":\"fr-FR\",\"@id\":\"http:\/\/gite-courtillas.fr\/#\/schema\/logo\/image\/\",\"url\":\"http:\/\/gite-courtillas.fr\/wp-content\/uploads\/2015\/12\/cropped-Gite_Courtillas_Access_lite.jpg\",\"contentUrl\":\"http:\/\/gite-courtillas.fr\/wp-content\/uploads\/2015\/12\/cropped-Gite_Courtillas_Access_lite.jpg\",\"width\":512,\"height\":512,\"caption\":\"Gite de Courtillas\"},\"image\":{\"@id\":\"http:\/\/gite-courtillas.fr\/#\/schema\/logo\/image\/\"},\"sameAs\":[\"https:\/\/www.facebook.com\/Le-Gite-192389200812938\/\"]}]}<\/script>\n<!-- \/ Yoast SEO plugin. -->","yoast_head_json":{"title":"Pour venir - Gite de Courtillas","robots":{"index":"index","follow":"follow","max-snippet":"max-snippet:-1","max-image-preview":"max-image-preview:large","max-video-preview":"max-video-preview:-1"},"canonical":"http:\/\/gite-courtillas.fr\/index.php\/infos-pratiques\/pour-venir\/","og_locale":"fr_FR","og_type":"article","og_title":"Pour venir - Gite de Courtillas","og_description":"Coordonn\u00e9es GPS : 45.688,0.520741 15 rue du Bourg 16220 Montbron Attention ! Certaines applications GPS, particuli\u00e8rement si vous arrivez de l&rsquo;Est (Limoges), vous envoient dans les derniers m\u00e8tres dans l&rsquo;Impasse des Grands Clos.Ne vous y engagez pas, c&rsquo;est une impasse dans laquelle il est p\u00e9rilleux de faire demi-tour \u00a0 En lire plus ....","og_url":"http:\/\/gite-courtillas.fr\/index.php\/infos-pratiques\/pour-venir\/","og_site_name":"Gite de Courtillas","article_publisher":"https:\/\/www.facebook.com\/Le-Gite-192389200812938\/","article_modified_time":"2024-04-07T09:47:29+00:00","og_image":[{"url":"http:\/\/gite-courtillas.fr\/wp-content\/uploads\/2024\/04\/image.png"}],"twitter_card":"summary_large_image","twitter_misc":{"Dur\u00e9e de lecture estim\u00e9e":"1 minute"},"schema":{"@context":"https:\/\/schema.org","@graph":[{"@type":"WebPage","@id":"http:\/\/gite-courtillas.fr\/index.php\/infos-pratiques\/pour-venir\/","url":"http:\/\/gite-courtillas.fr\/index.php\/infos-pratiques\/pour-venir\/","name":"Pour venir - Gite de Courtillas","isPartOf":{"@id":"http:\/\/gite-courtillas.fr\/#website"},"datePublished":"2016-06-02T08:24:45+00:00","dateModified":"2024-04-07T09:47:29+00:00","breadcrumb":{"@id":"http:\/\/gite-courtillas.fr\/index.php\/infos-pratiques\/pour-venir\/#breadcrumb"},"inLanguage":"fr-FR","potentialAction":[{"@type":"ReadAction","target":["http:\/\/gite-courtillas.fr\/index.php\/infos-pratiques\/pour-venir\/"]}]},{"@type":"BreadcrumbList","@id":"http:\/\/gite-courtillas.fr\/index.php\/infos-pratiques\/pour-venir\/#breadcrumb","itemListElement":[{"@type":"ListItem","position":1,"name":"Accueil","item":"http:\/\/gite-courtillas.fr\/"},{"@type":"ListItem","position":2,"name":"Infos pratiques","item":"https:\/\/gite-courtillas.fr\/index.php\/infos-pratiques\/"},{"@type":"ListItem","position":3,"name":"Pour venir"}]},{"@type":"WebSite","@id":"http:\/\/gite-courtillas.fr\/#website","url":"http:\/\/gite-courtillas.fr\/","name":"Gite de Courtillas","description":"Tourisme vert et baignades en Charente","publisher":{"@id":"http:\/\/gite-courtillas.fr\/#organization"},"potentialAction":[{"@type":"SearchAction","target":{"@type":"EntryPoint","urlTemplate":"http:\/\/gite-courtillas.fr\/?s={search_term_string}"},"query-input":"required name=search_term_string"}],"inLanguage":"fr-FR"},{"@type":"Organization","@id":"http:\/\/gite-courtillas.fr\/#organization","name":"Gite de Courtillas","url":"http:\/\/gite-courtillas.fr\/","logo":{"@type":"ImageObject","inLanguage":"fr-FR","@id":"http:\/\/gite-courtillas.fr\/#\/schema\/logo\/image\/","url":"http:\/\/gite-courtillas.fr\/wp-content\/uploads\/2015\/12\/cropped-Gite_Courtillas_Access_lite.jpg","contentUrl":"http:\/\/gite-courtillas.fr\/wp-content\/uploads\/2015\/12\/cropped-Gite_Courtillas_Access_lite.jpg","width":512,"height":512,"caption":"Gite de Courtillas"},"image":{"@id":"http:\/\/gite-courtillas.fr\/#\/schema\/logo\/image\/"},"sameAs":["https:\/\/www.facebook.com\/Le-Gite-192389200812938\/"]}]}},"jetpack_sharing_enabled":true,"_links":{"self":[{"href":"https:\/\/gite-courtillas.fr\/index.php\/wp-json\/wp\/v2\/pages\/735","targetHints":{"allow":["GET"]}}],"collection":[{"href":"https:\/\/gite-courtillas.fr\/index.php\/wp-json\/wp\/v2\/pages"}],"about":[{"href":"https:\/\/gite-courtillas.fr\/index.php\/wp-json\/wp\/v2\/types\/page"}],"author":[{"embeddable":true,"href":"https:\/\/gite-courtillas.fr\/index.php\/wp-json\/wp\/v2\/users\/1"}],"replies":[{"embeddable":true,"href":"https:\/\/gite-courtillas.fr\/index.php\/wp-json\/wp\/v2\/comments?post=735"}],"version-history":[{"count":24,"href":"https:\/\/gite-courtillas.fr\/index.php\/wp-json\/wp\/v2\/pages\/735\/revisions"}],"predecessor-version":[{"id":1675,"href":"https:\/\/gite-courtillas.fr\/index.php\/wp-json\/wp\/v2\/pages\/735\/revisions\/1675"}],"up":[{"embeddable":true,"href":"https:\/\/gite-courtillas.fr\/index.php\/wp-json\/wp\/v2\/pages\/39"}],"wp:attachment":[{"href":"https:\/\/gite-courtillas.fr\/index.php\/wp-json\/wp\/v2\/media?parent=735"}],"curies":[{"name":"wp","href":"https:\/\/api.w.org\/{rel}","templated":true}]}}