{"id":722,"date":"2016-06-02T08:57:58","date_gmt":"2016-06-02T07:57:58","guid":{"rendered":"http:\/\/gite-courtillas.fr\/?page_id=722"},"modified":"2021-03-01T17:36:53","modified_gmt":"2021-03-01T16:36:53","slug":"jardin-et-terrasse","status":"publish","type":"page","link":"https:\/\/gite-courtillas.fr\/index.php\/dehors\/jardin-et-terrasse\/","title":{"rendered":"Jardin et terrasse"},"content":{"rendered":"<p style=\"text-align: center;\">Vue g\u00e9n\u00e9rale du site\u00a0<\/p>\n<p><a href=\"http:\/\/gite-courtillas.fr\/wp-content\/uploads\/2021\/03\/Parcellel\u00e9gend\u00e9e.jpg\"><img loading=\"lazy\" decoding=\"async\" class=\"aligncenter  wp-image-1317\" src=\"http:\/\/gite-courtillas.fr\/wp-content\/uploads\/2021\/03\/Parcellel\u00e9gend\u00e9e-300x285.jpg\" alt=\"\" width=\"380\" height=\"361\" srcset=\"https:\/\/gite-courtillas.fr\/wp-content\/uploads\/2021\/03\/Parcellel\u00e9gend\u00e9e-300x285.jpg 300w, https:\/\/gite-courtillas.fr\/wp-content\/uploads\/2021\/03\/Parcellel\u00e9gend\u00e9e-158x150.jpg 158w, https:\/\/gite-courtillas.fr\/wp-content\/uploads\/2021\/03\/Parcellel\u00e9gend\u00e9e-150x143.jpg 150w, https:\/\/gite-courtillas.fr\/wp-content\/uploads\/2021\/03\/Parcellel\u00e9gend\u00e9e.jpg 515w\" sizes=\"auto, (max-width: 380px) 100vw, 380px\" \/><\/a><\/p>\n<p><a href=\"http:\/\/gite-courtillas.fr\/wp-content\/uploads\/2016\/06\/P1000424_mini.jpg\"><img loading=\"lazy\" decoding=\"async\" class=\"alignnone size-medium wp-image-729\" src=\"http:\/\/gite-courtillas.fr\/wp-content\/uploads\/2016\/06\/P1000424_mini-225x300.jpg\" alt=\"P1000424_mini\" width=\"225\" height=\"300\" srcset=\"https:\/\/gite-courtillas.fr\/wp-content\/uploads\/2016\/06\/P1000424_mini-225x300.jpg 225w, https:\/\/gite-courtillas.fr\/wp-content\/uploads\/2016\/06\/P1000424_mini-768x1024.jpg 768w, https:\/\/gite-courtillas.fr\/wp-content\/uploads\/2016\/06\/P1000424_mini-113x150.jpg 113w\" sizes=\"auto, (max-width: 225px) 100vw, 225px\" \/><\/a>\u00a0 \u00a0 \u00a0 \u00a0<\/p>\n<p><a href=\"http:\/\/gite-courtillas.fr\/wp-content\/uploads\/2016\/06\/P1000426_mini.jpg\"><img loading=\"lazy\" decoding=\"async\" class=\"alignnone  wp-image-733\" src=\"http:\/\/gite-courtillas.fr\/wp-content\/uploads\/2016\/06\/P1000426_mini-300x225.jpg\" alt=\"P1000426_mini\" width=\"396\" height=\"297\" srcset=\"https:\/\/gite-courtillas.fr\/wp-content\/uploads\/2016\/06\/P1000426_mini-300x225.jpg 300w, https:\/\/gite-courtillas.fr\/wp-content\/uploads\/2016\/06\/P1000426_mini-768x576.jpg 768w, https:\/\/gite-courtillas.fr\/wp-content\/uploads\/2016\/06\/P1000426_mini-1024x768.jpg 1024w, https:\/\/gite-courtillas.fr\/wp-content\/uploads\/2016\/06\/P1000426_mini-200x150.jpg 200w, https:\/\/gite-courtillas.fr\/wp-content\/uploads\/2016\/06\/P1000426_mini-150x113.jpg 150w\" sizes=\"auto, (max-width: 396px) 100vw, 396px\" \/><\/a><\/p>\n<p style=\"text-align: center;\">Terrasse ombrag\u00e9e par les kiwis &#8211; Barbecue.<\/p>\n<p><a href=\"http:\/\/gite-courtillas.fr\/wp-content\/uploads\/2016\/03\/tobogan1_mini.jpg\"><img loading=\"lazy\" decoding=\"async\" class=\"alignnone size-medium wp-image-687\" src=\"http:\/\/gite-courtillas.fr\/wp-content\/uploads\/2016\/03\/tobogan1_mini-300x163.jpg\" alt=\"tobogan1_mini\" width=\"300\" height=\"163\" srcset=\"https:\/\/gite-courtillas.fr\/wp-content\/uploads\/2016\/03\/tobogan1_mini-300x163.jpg 300w, https:\/\/gite-courtillas.fr\/wp-content\/uploads\/2016\/03\/tobogan1_mini-768x416.jpg 768w, https:\/\/gite-courtillas.fr\/wp-content\/uploads\/2016\/03\/tobogan1_mini-1024x555.jpg 1024w, https:\/\/gite-courtillas.fr\/wp-content\/uploads\/2016\/03\/tobogan1_mini-250x135.jpg 250w, https:\/\/gite-courtillas.fr\/wp-content\/uploads\/2016\/03\/tobogan1_mini-150x81.jpg 150w\" sizes=\"auto, (max-width: 300px) 100vw, 300px\" \/><\/a><\/p>\n<p>Les jeux d&rsquo;ext\u00e9rieur<\/p>\n<ul>\n<li>Terrain de p\u00e9tanque (boules et M\u00f6lky \u00e0 disposition)<\/li>\n<li>Buts de foot<\/li>\n<li>Portique<\/li>\n<li>Maisonnette en bois, meubl\u00e9e<\/li>\n<li>Filet de badminton (raquettes \u00e0 disposition)<\/li>\n<\/ul>\n\n\n<p><\/p>\n","protected":false},"excerpt":{"rendered":"<p>Vue g\u00e9n\u00e9rale du site\u00a0 \u00a0 \u00a0 \u00a0 \u00a0 Terrasse ombrag\u00e9e par les kiwis &#8211; Barbecue. Les jeux d&rsquo;ext\u00e9rieur Terrain de p\u00e9tanque (boules et M\u00f6lky \u00e0 disposition) Buts de foot Portique Maisonnette en bois, meubl\u00e9e Filet de badminton (raquettes \u00e0 disposition) <a class=\"continue-reading-link\" href=\"https:\/\/gite-courtillas.fr\/index.php\/dehors\/jardin-et-terrasse\/\">En lire plus &#8230;.<\/a><\/p>\n","protected":false},"author":1,"featured_media":0,"parent":17,"menu_order":0,"comment_status":"closed","ping_status":"closed","template":"","meta":{"footnotes":""},"class_list":["post-722","page","type-page","status-publish","hentry"],"yoast_head":"<!-- This site is optimized with the Yoast SEO plugin v22.0 - https:\/\/yoast.com\/wordpress\/plugins\/seo\/ -->\n<title>Jardin et terrasse - Gite de Courtillas<\/title>\n<meta name=\"robots\" content=\"index, follow, max-snippet:-1, max-image-preview:large, max-video-preview:-1\" \/>\n<link rel=\"canonical\" href=\"http:\/\/gite-courtillas.fr\/index.php\/dehors\/jardin-et-terrasse\/\" \/>\n<meta property=\"og:locale\" content=\"fr_FR\" \/>\n<meta property=\"og:type\" content=\"article\" \/>\n<meta property=\"og:title\" content=\"Jardin et terrasse - Gite de Courtillas\" \/>\n<meta property=\"og:description\" content=\"Vue g\u00e9n\u00e9rale du site\u00a0 \u00a0 \u00a0 \u00a0 \u00a0 Terrasse ombrag\u00e9e par les kiwis &#8211; Barbecue. Les jeux d&rsquo;ext\u00e9rieur Terrain de p\u00e9tanque (boules et M\u00f6lky \u00e0 disposition) Buts de foot Portique Maisonnette en bois, meubl\u00e9e Filet de badminton (raquettes \u00e0 disposition) En lire plus ....\" \/>\n<meta property=\"og:url\" content=\"http:\/\/gite-courtillas.fr\/index.php\/dehors\/jardin-et-terrasse\/\" \/>\n<meta property=\"og:site_name\" content=\"Gite de Courtillas\" \/>\n<meta property=\"article:publisher\" content=\"https:\/\/www.facebook.com\/Le-Gite-192389200812938\/\" \/>\n<meta property=\"article:modified_time\" content=\"2021-03-01T16:36:53+00:00\" \/>\n<meta property=\"og:image\" content=\"http:\/\/gite-courtillas.fr\/wp-content\/uploads\/2016\/06\/P1000424_mini-225x300.jpg\" \/>\n<meta name=\"twitter:card\" content=\"summary_large_image\" \/>\n<script type=\"application\/ld+json\" class=\"yoast-schema-graph\">{\"@context\":\"https:\/\/schema.org\",\"@graph\":[{\"@type\":\"WebPage\",\"@id\":\"http:\/\/gite-courtillas.fr\/index.php\/dehors\/jardin-et-terrasse\/\",\"url\":\"http:\/\/gite-courtillas.fr\/index.php\/dehors\/jardin-et-terrasse\/\",\"name\":\"Jardin et terrasse - Gite de Courtillas\",\"isPartOf\":{\"@id\":\"http:\/\/gite-courtillas.fr\/#website\"},\"datePublished\":\"2016-06-02T07:57:58+00:00\",\"dateModified\":\"2021-03-01T16:36:53+00:00\",\"breadcrumb\":{\"@id\":\"http:\/\/gite-courtillas.fr\/index.php\/dehors\/jardin-et-terrasse\/#breadcrumb\"},\"inLanguage\":\"fr-FR\",\"potentialAction\":[{\"@type\":\"ReadAction\",\"target\":[\"http:\/\/gite-courtillas.fr\/index.php\/dehors\/jardin-et-terrasse\/\"]}]},{\"@type\":\"BreadcrumbList\",\"@id\":\"http:\/\/gite-courtillas.fr\/index.php\/dehors\/jardin-et-terrasse\/#breadcrumb\",\"itemListElement\":[{\"@type\":\"ListItem\",\"position\":1,\"name\":\"Accueil\",\"item\":\"http:\/\/gite-courtillas.fr\/\"},{\"@type\":\"ListItem\",\"position\":2,\"name\":\"Dehors\",\"item\":\"http:\/\/gite-courtillas.fr\/index.php\/dehors\/\"},{\"@type\":\"ListItem\",\"position\":3,\"name\":\"Jardin et terrasse\"}]},{\"@type\":\"WebSite\",\"@id\":\"http:\/\/gite-courtillas.fr\/#website\",\"url\":\"http:\/\/gite-courtillas.fr\/\",\"name\":\"Gite de Courtillas\",\"description\":\"Tourisme vert et baignades en Charente\",\"publisher\":{\"@id\":\"http:\/\/gite-courtillas.fr\/#organization\"},\"potentialAction\":[{\"@type\":\"SearchAction\",\"target\":{\"@type\":\"EntryPoint\",\"urlTemplate\":\"http:\/\/gite-courtillas.fr\/?s={search_term_string}\"},\"query-input\":\"required name=search_term_string\"}],\"inLanguage\":\"fr-FR\"},{\"@type\":\"Organization\",\"@id\":\"http:\/\/gite-courtillas.fr\/#organization\",\"name\":\"Gite de Courtillas\",\"url\":\"http:\/\/gite-courtillas.fr\/\",\"logo\":{\"@type\":\"ImageObject\",\"inLanguage\":\"fr-FR\",\"@id\":\"http:\/\/gite-courtillas.fr\/#\/schema\/logo\/image\/\",\"url\":\"http:\/\/gite-courtillas.fr\/wp-content\/uploads\/2015\/12\/cropped-Gite_Courtillas_Access_lite.jpg\",\"contentUrl\":\"http:\/\/gite-courtillas.fr\/wp-content\/uploads\/2015\/12\/cropped-Gite_Courtillas_Access_lite.jpg\",\"width\":512,\"height\":512,\"caption\":\"Gite de Courtillas\"},\"image\":{\"@id\":\"http:\/\/gite-courtillas.fr\/#\/schema\/logo\/image\/\"},\"sameAs\":[\"https:\/\/www.facebook.com\/Le-Gite-192389200812938\/\"]}]}<\/script>\n<!-- \/ Yoast SEO plugin. -->","yoast_head_json":{"title":"Jardin et terrasse - Gite de Courtillas","robots":{"index":"index","follow":"follow","max-snippet":"max-snippet:-1","max-image-preview":"max-image-preview:large","max-video-preview":"max-video-preview:-1"},"canonical":"http:\/\/gite-courtillas.fr\/index.php\/dehors\/jardin-et-terrasse\/","og_locale":"fr_FR","og_type":"article","og_title":"Jardin et terrasse - Gite de Courtillas","og_description":"Vue g\u00e9n\u00e9rale du site\u00a0 \u00a0 \u00a0 \u00a0 \u00a0 Terrasse ombrag\u00e9e par les kiwis &#8211; Barbecue. Les jeux d&rsquo;ext\u00e9rieur Terrain de p\u00e9tanque (boules et M\u00f6lky \u00e0 disposition) Buts de foot Portique Maisonnette en bois, meubl\u00e9e Filet de badminton (raquettes \u00e0 disposition) En lire plus ....","og_url":"http:\/\/gite-courtillas.fr\/index.php\/dehors\/jardin-et-terrasse\/","og_site_name":"Gite de Courtillas","article_publisher":"https:\/\/www.facebook.com\/Le-Gite-192389200812938\/","article_modified_time":"2021-03-01T16:36:53+00:00","og_image":[{"url":"http:\/\/gite-courtillas.fr\/wp-content\/uploads\/2016\/06\/P1000424_mini-225x300.jpg"}],"twitter_card":"summary_large_image","schema":{"@context":"https:\/\/schema.org","@graph":[{"@type":"WebPage","@id":"http:\/\/gite-courtillas.fr\/index.php\/dehors\/jardin-et-terrasse\/","url":"http:\/\/gite-courtillas.fr\/index.php\/dehors\/jardin-et-terrasse\/","name":"Jardin et terrasse - Gite de Courtillas","isPartOf":{"@id":"http:\/\/gite-courtillas.fr\/#website"},"datePublished":"2016-06-02T07:57:58+00:00","dateModified":"2021-03-01T16:36:53+00:00","breadcrumb":{"@id":"http:\/\/gite-courtillas.fr\/index.php\/dehors\/jardin-et-terrasse\/#breadcrumb"},"inLanguage":"fr-FR","potentialAction":[{"@type":"ReadAction","target":["http:\/\/gite-courtillas.fr\/index.php\/dehors\/jardin-et-terrasse\/"]}]},{"@type":"BreadcrumbList","@id":"http:\/\/gite-courtillas.fr\/index.php\/dehors\/jardin-et-terrasse\/#breadcrumb","itemListElement":[{"@type":"ListItem","position":1,"name":"Accueil","item":"http:\/\/gite-courtillas.fr\/"},{"@type":"ListItem","position":2,"name":"Dehors","item":"http:\/\/gite-courtillas.fr\/index.php\/dehors\/"},{"@type":"ListItem","position":3,"name":"Jardin et terrasse"}]},{"@type":"WebSite","@id":"http:\/\/gite-courtillas.fr\/#website","url":"http:\/\/gite-courtillas.fr\/","name":"Gite de Courtillas","description":"Tourisme vert et baignades en Charente","publisher":{"@id":"http:\/\/gite-courtillas.fr\/#organization"},"potentialAction":[{"@type":"SearchAction","target":{"@type":"EntryPoint","urlTemplate":"http:\/\/gite-courtillas.fr\/?s={search_term_string}"},"query-input":"required name=search_term_string"}],"inLanguage":"fr-FR"},{"@type":"Organization","@id":"http:\/\/gite-courtillas.fr\/#organization","name":"Gite de Courtillas","url":"http:\/\/gite-courtillas.fr\/","logo":{"@type":"ImageObject","inLanguage":"fr-FR","@id":"http:\/\/gite-courtillas.fr\/#\/schema\/logo\/image\/","url":"http:\/\/gite-courtillas.fr\/wp-content\/uploads\/2015\/12\/cropped-Gite_Courtillas_Access_lite.jpg","contentUrl":"http:\/\/gite-courtillas.fr\/wp-content\/uploads\/2015\/12\/cropped-Gite_Courtillas_Access_lite.jpg","width":512,"height":512,"caption":"Gite de Courtillas"},"image":{"@id":"http:\/\/gite-courtillas.fr\/#\/schema\/logo\/image\/"},"sameAs":["https:\/\/www.facebook.com\/Le-Gite-192389200812938\/"]}]}},"jetpack_sharing_enabled":true,"_links":{"self":[{"href":"https:\/\/gite-courtillas.fr\/index.php\/wp-json\/wp\/v2\/pages\/722","targetHints":{"allow":["GET"]}}],"collection":[{"href":"https:\/\/gite-courtillas.fr\/index.php\/wp-json\/wp\/v2\/pages"}],"about":[{"href":"https:\/\/gite-courtillas.fr\/index.php\/wp-json\/wp\/v2\/types\/page"}],"author":[{"embeddable":true,"href":"https:\/\/gite-courtillas.fr\/index.php\/wp-json\/wp\/v2\/users\/1"}],"replies":[{"embeddable":true,"href":"https:\/\/gite-courtillas.fr\/index.php\/wp-json\/wp\/v2\/comments?post=722"}],"version-history":[{"count":8,"href":"https:\/\/gite-courtillas.fr\/index.php\/wp-json\/wp\/v2\/pages\/722\/revisions"}],"predecessor-version":[{"id":1320,"href":"https:\/\/gite-courtillas.fr\/index.php\/wp-json\/wp\/v2\/pages\/722\/revisions\/1320"}],"up":[{"embeddable":true,"href":"https:\/\/gite-courtillas.fr\/index.php\/wp-json\/wp\/v2\/pages\/17"}],"wp:attachment":[{"href":"https:\/\/gite-courtillas.fr\/index.php\/wp-json\/wp\/v2\/media?parent=722"}],"curies":[{"name":"wp","href":"https:\/\/api.w.org\/{rel}","templated":true}]}}

<p style="text-align: center;">Vue générale du site </p>
<p><a href="http://gite-courtillas.fr/wp-content/uploads/2021/03/Parcellelégendée.jpg"><img loading="lazy" decoding="async" class="aligncenter  wp-image-1317" src="http://gite-courtillas.fr/wp-content/uploads/2021/03/Parcellelégendée-300x285.jpg" alt="" width="380" height="361" srcset="https://gite-courtillas.fr/wp-content/uploads/2021/03/Parcellelégendée-300x285.jpg 300w, https://gite-courtillas.fr/wp-content/uploads/2021/03/Parcellelégendée-158x150.jpg 158w, https://gite-courtillas.fr/wp-content/uploads/2021/03/Parcellelégendée-150x143.jpg 150w, https://gite-courtillas.fr/wp-content/uploads/2021/03/Parcellelégendée.jpg 515w" sizes="auto, (max-width: 380px) 100vw, 380px" /></a></p>
<p><a href="http://gite-courtillas.fr/wp-content/uploads/2016/06/P1000424_mini.jpg"><img loading="lazy" decoding="async" class="alignnone size-medium wp-image-729" src="http://gite-courtillas.fr/wp-content/uploads/2016/06/P1000424_mini-225x300.jpg" alt="P1000424_mini" width="225" height="300" srcset="https://gite-courtillas.fr/wp-content/uploads/2016/06/P1000424_mini-225x300.jpg 225w, https://gite-courtillas.fr/wp-content/uploads/2016/06/P1000424_mini-768x1024.jpg 768w, https://gite-courtillas.fr/wp-content/uploads/2016/06/P1000424_mini-113x150.jpg 113w" sizes="auto, (max-width: 225px) 100vw, 225px" /></a>       </p>
<p><a href="http://gite-courtillas.fr/wp-content/uploads/2016/06/P1000426_mini.jpg"><img loading="lazy" decoding="async" class="alignnone  wp-image-733" src="http://gite-courtillas.fr/wp-content/uploads/2016/06/P1000426_mini-300x225.jpg" alt="P1000426_mini" width="396" height="297" srcset="https://gite-courtillas.fr/wp-content/uploads/2016/06/P1000426_mini-300x225.jpg 300w, https://gite-courtillas.fr/wp-content/uploads/2016/06/P1000426_mini-768x576.jpg 768w, https://gite-courtillas.fr/wp-content/uploads/2016/06/P1000426_mini-1024x768.jpg 1024w, https://gite-courtillas.fr/wp-content/uploads/2016/06/P1000426_mini-200x150.jpg 200w, https://gite-courtillas.fr/wp-content/uploads/2016/06/P1000426_mini-150x113.jpg 150w" sizes="auto, (max-width: 396px) 100vw, 396px" /></a></p>
<p style="text-align: center;">Terrasse ombragée par les kiwis &#8211; Barbecue.</p>
<p><a href="http://gite-courtillas.fr/wp-content/uploads/2016/03/tobogan1_mini.jpg"><img loading="lazy" decoding="async" class="alignnone size-medium wp-image-687" src="http://gite-courtillas.fr/wp-content/uploads/2016/03/tobogan1_mini-300x163.jpg" alt="tobogan1_mini" width="300" height="163" srcset="https://gite-courtillas.fr/wp-content/uploads/2016/03/tobogan1_mini-300x163.jpg 300w, https://gite-courtillas.fr/wp-content/uploads/2016/03/tobogan1_mini-768x416.jpg 768w, https://gite-courtillas.fr/wp-content/uploads/2016/03/tobogan1_mini-1024x555.jpg 1024w, https://gite-courtillas.fr/wp-content/uploads/2016/03/tobogan1_mini-250x135.jpg 250w, https://gite-courtillas.fr/wp-content/uploads/2016/03/tobogan1_mini-150x81.jpg 150w" sizes="auto, (max-width: 300px) 100vw, 300px" /></a></p>
<p>Les jeux d&rsquo;extérieur</p>
<ul>
<li>Terrain de pétanque (boules et Mölky à disposition)</li>
<li>Buts de foot</li>
<li>Portique</li>
<li>Maisonnette en bois, meublée</li>
<li>Filet de badminton (raquettes à disposition)</li>
</ul>


<p></p>

<p>Vue générale du site          Terrasse ombragée par les kiwis &#8211; Barbecue. Les jeux d&rsquo;extérieur Terrain de pétanque (boules et Mölky à disposition) Buts de foot Portique Maisonnette en bois, meublée Filet de badminton (raquettes à disposition) <a class="continue-reading-link" href="https://gite-courtillas.fr/index.php/dehors/jardin-et-terrasse/">En lire plus &#8230;.</a></p>

<!-- This site is optimized with the Yoast SEO plugin v22.0 - https://yoast.com/wordpress/plugins/seo/ -->
<title>Jardin et terrasse - Gite de Courtillas</title>
<meta name="robots" content="index, follow, max-snippet:-1, max-image-preview:large, max-video-preview:-1" />
<link rel="canonical" href="http://gite-courtillas.fr/index.php/dehors/jardin-et-terrasse/" />
<meta property="og:locale" content="fr_FR" />
<meta property="og:type" content="article" />
<meta property="og:title" content="Jardin et terrasse - Gite de Courtillas" />
<meta property="og:description" content="Vue générale du site          Terrasse ombragée par les kiwis &#8211; Barbecue. Les jeux d&rsquo;extérieur Terrain de pétanque (boules et Mölky à disposition) Buts de foot Portique Maisonnette en bois, meublée Filet de badminton (raquettes à disposition) En lire plus ...." />
<meta property="og:url" content="http://gite-courtillas.fr/index.php/dehors/jardin-et-terrasse/" />
<meta property="og:site_name" content="Gite de Courtillas" />
<meta property="article:publisher" content="https://www.facebook.com/Le-Gite-192389200812938/" />
<meta property="article:modified_time" content="2021-03-01T16:36:53+00:00" />
<meta property="og:image" content="http://gite-courtillas.fr/wp-content/uploads/2016/06/P1000424_mini-225x300.jpg" />
<meta name="twitter:card" content="summary_large_image" />
<script type="application/ld+json" class="yoast-schema-graph">{"@context":"https://schema.org","@graph":[{"@type":"WebPage","@id":"http://gite-courtillas.fr/index.php/dehors/jardin-et-terrasse/","url":"http://gite-courtillas.fr/index.php/dehors/jardin-et-terrasse/","name":"Jardin et terrasse - Gite de Courtillas","isPartOf":{"@id":"http://gite-courtillas.fr/#website"},"datePublished":"2016-06-02T07:57:58+00:00","dateModified":"2021-03-01T16:36:53+00:00","breadcrumb":{"@id":"http://gite-courtillas.fr/index.php/dehors/jardin-et-terrasse/#breadcrumb"},"inLanguage":"fr-FR","potentialAction":[{"@type":"ReadAction","target":["http://gite-courtillas.fr/index.php/dehors/jardin-et-terrasse/"]}]},{"@type":"BreadcrumbList","@id":"http://gite-courtillas.fr/index.php/dehors/jardin-et-terrasse/#breadcrumb","itemListElement":[{"@type":"ListItem","position":1,"name":"Accueil","item":"http://gite-courtillas.fr/"},{"@type":"ListItem","position":2,"name":"Dehors","item":"http://gite-courtillas.fr/index.php/dehors/"},{"@type":"ListItem","position":3,"name":"Jardin et terrasse"}]},{"@type":"WebSite","@id":"http://gite-courtillas.fr/#website","url":"http://gite-courtillas.fr/","name":"Gite de Courtillas","description":"Tourisme vert et baignades en Charente","publisher":{"@id":"http://gite-courtillas.fr/#organization"},"potentialAction":[{"@type":"SearchAction","target":{"@type":"EntryPoint","urlTemplate":"http://gite-courtillas.fr/?s={search_term_string}"},"query-input":"required name=search_term_string"}],"inLanguage":"fr-FR"},{"@type":"Organization","@id":"http://gite-courtillas.fr/#organization","name":"Gite de Courtillas","url":"http://gite-courtillas.fr/","logo":{"@type":"ImageObject","inLanguage":"fr-FR","@id":"http://gite-courtillas.fr/#/schema/logo/image/","url":"http://gite-courtillas.fr/wp-content/uploads/2015/12/cropped-Gite_Courtillas_Access_lite.jpg","contentUrl":"http://gite-courtillas.fr/wp-content/uploads/2015/12/cropped-Gite_Courtillas_Access_lite.jpg","width":512,"height":512,"caption":"Gite de Courtillas"},"image":{"@id":"http://gite-courtillas.fr/#/schema/logo/image/"},"sameAs":["https://www.facebook.com/Le-Gite-192389200812938/"]}]}</script>
<!-- / Yoast SEO plugin. -->

Vue générale du site          Terrasse ombragée par les kiwis &#8211; Barbecue. Les jeux d&rsquo;extérieur Terrain de pétanque (boules et Mölky à disposition) Buts de foot Portique Maisonnette en bois, meublée Filet de badminton (raquettes à disposition) En lire plus ....
