{"id":65,"date":"2015-12-09T18:46:26","date_gmt":"2015-12-09T17:46:26","guid":{"rendered":"http:\/\/gite-courtillas.fr\/?page_id=65"},"modified":"2025-10-15T15:07:50","modified_gmt":"2025-10-15T13:07:50","slug":"avis-clients","status":"publish","type":"page","link":"https:\/\/gite-courtillas.fr\/index.php\/avis-clients\/","title":{"rendered":"Avis clients"},"content":{"rendered":"<p>Nous nous engageons \u00e0 publier ici tous les avis clients quel qu\u2019en soit le contenu. Bien s\u00fbr il peut arriver qu&rsquo;un client ne souhaite pas ou oublie de r\u00e9pondre \u00e0 notre petite enqu\u00eate.<\/p>\n<p><a href=\"https:\/\/gite-courtillas.fr\/index.php\/avis-2025\/\">2025<\/a> &#8211;<\/p>\n<p><a href=\"https:\/\/gite-courtillas.fr\/index.php\/avis-clients\/avis-2024\/\" target=\"_blank\" rel=\"noopener\">2024<\/a> &#8211; 12 avis<\/p>\n<p><a href=\"http:\/\/gite-courtillas.fr\/index.php\/avis-2023\/\" target=\"_blank\" rel=\"noopener\">2023<\/a> &#8211; 13 avis<\/p>\n<p><a href=\"http:\/\/gite-courtillas.fr\/index.php\/avis-2022\/\" target=\"_blank\" rel=\"noopener\">2022<\/a> &#8211; 6 avis<\/p>\n<p><a href=\"http:\/\/gite-courtillas.fr\/index.php\/2021-2\/\">2021<\/a> &#8211; 7 avis<\/p>\n<p><a href=\"http:\/\/gite-courtillas.fr\/index.php\/avis-clients\/avis-2020\/\">2020<\/a> &#8211; 8 avis<\/p>\n<p><a href=\"http:\/\/gite-courtillas.fr\/index.php\/avis-clients\/avis-2019\/\">2019<\/a> &#8211; 5 avis<\/p>\n<p><a href=\"http:\/\/gite-courtillas.fr\/index.php\/avis-clients\/avis-2018\/\">2018<\/a> &#8211; 4 avis<\/p>\n<p><a href=\"http:\/\/gite-courtillas.fr\/index.php\/avis-clients\/avis-2017\/\">2017<\/a> &#8211; 3 avis<br \/>\n<a href=\"http:\/\/gite-courtillas.fr\/index.php\/avis-clients\/avis-2016\/\">2016<\/a> &#8211; 5 avis<\/p>\n<p><a href=\"http:\/\/gite-courtillas.fr\/index.php\/avis-2015\/\">2015<\/a>\u00a0&#8211; 7 avis<br \/>\n2014 &#8211; Aucun avis client en 2014<br \/>\n<a href=\"http:\/\/gite-courtillas.fr\/index.php\/avis-2013\/\">2013<\/a>\u00a0&#8211; 4 avis<br \/>\n2012 &#8211; Aucun avis client en 2012<br \/>\n<a href=\"http:\/\/gite-courtillas.fr\/index.php\/avis-clients\/avis-2011\/\">2011<\/a>\u00a0&#8211; 3 avis<\/p>\n","protected":false},"excerpt":{"rendered":"<p>Nous nous engageons \u00e0 publier ici tous les avis clients quel qu\u2019en soit le contenu. Bien s\u00fbr il peut arriver qu&rsquo;un client ne souhaite pas ou oublie de r\u00e9pondre \u00e0 notre petite enqu\u00eate. 2025 &#8211; 2024 &#8211; 12 avis 2023 &#8211; 13 avis 2022 &#8211; 6 avis 2021 &#8211; 7\u2026 <a class=\"continue-reading-link\" href=\"https:\/\/gite-courtillas.fr\/index.php\/avis-clients\/\">En lire plus &#8230;.<\/a><\/p>\n","protected":false},"author":1,"featured_media":0,"parent":0,"menu_order":0,"comment_status":"closed","ping_status":"closed","template":"","meta":{"footnotes":""},"class_list":["post-65","page","type-page","status-publish","hentry"],"yoast_head":"<!-- This site is optimized with the Yoast SEO plugin v22.0 - https:\/\/yoast.com\/wordpress\/plugins\/seo\/ -->\n<title>Avis clients - Gite de Courtillas<\/title>\n<meta name=\"robots\" content=\"index, follow, max-snippet:-1, max-image-preview:large, max-video-preview:-1\" \/>\n<link rel=\"canonical\" href=\"http:\/\/gite-courtillas.fr\/index.php\/avis-clients\/\" \/>\n<meta property=\"og:locale\" content=\"fr_FR\" \/>\n<meta property=\"og:type\" content=\"article\" \/>\n<meta property=\"og:title\" content=\"Avis clients - Gite de Courtillas\" \/>\n<meta property=\"og:description\" content=\"Nous nous engageons \u00e0 publier ici tous les avis clients quel qu\u2019en soit le contenu. Bien s\u00fbr il peut arriver qu&rsquo;un client ne souhaite pas ou oublie de r\u00e9pondre \u00e0 notre petite enqu\u00eate. 2025 &#8211; 2024 &#8211; 12 avis 2023 &#8211; 13 avis 2022 &#8211; 6 avis 2021 &#8211; 7\u2026 En lire plus ....\" \/>\n<meta property=\"og:url\" content=\"http:\/\/gite-courtillas.fr\/index.php\/avis-clients\/\" \/>\n<meta property=\"og:site_name\" content=\"Gite de Courtillas\" \/>\n<meta property=\"article:publisher\" content=\"https:\/\/www.facebook.com\/Le-Gite-192389200812938\/\" \/>\n<meta property=\"article:modified_time\" content=\"2025-10-15T13:07:50+00:00\" \/>\n<meta property=\"og:image\" content=\"https:\/\/gite-courtillas.fr\/wp-content\/uploads\/2015\/12\/P1000437-1024x768.jpg\" \/>\n\t<meta property=\"og:image:width\" content=\"1024\" \/>\n\t<meta property=\"og:image:height\" content=\"768\" \/>\n\t<meta property=\"og:image:type\" content=\"image\/jpeg\" \/>\n<meta name=\"twitter:card\" content=\"summary_large_image\" \/>\n<meta name=\"twitter:label1\" content=\"Dur\u00e9e de lecture estim\u00e9e\" \/>\n\t<meta name=\"twitter:data1\" content=\"1 minute\" \/>\n<script type=\"application\/ld+json\" class=\"yoast-schema-graph\">{\"@context\":\"https:\/\/schema.org\",\"@graph\":[{\"@type\":\"WebPage\",\"@id\":\"http:\/\/gite-courtillas.fr\/index.php\/avis-clients\/\",\"url\":\"http:\/\/gite-courtillas.fr\/index.php\/avis-clients\/\",\"name\":\"Avis clients - Gite de Courtillas\",\"isPartOf\":{\"@id\":\"http:\/\/gite-courtillas.fr\/#website\"},\"datePublished\":\"2015-12-09T17:46:26+00:00\",\"dateModified\":\"2025-10-15T13:07:50+00:00\",\"breadcrumb\":{\"@id\":\"http:\/\/gite-courtillas.fr\/index.php\/avis-clients\/#breadcrumb\"},\"inLanguage\":\"fr-FR\",\"potentialAction\":[{\"@type\":\"ReadAction\",\"target\":[\"http:\/\/gite-courtillas.fr\/index.php\/avis-clients\/\"]}]},{\"@type\":\"BreadcrumbList\",\"@id\":\"http:\/\/gite-courtillas.fr\/index.php\/avis-clients\/#breadcrumb\",\"itemListElement\":[{\"@type\":\"ListItem\",\"position\":1,\"name\":\"Accueil\",\"item\":\"http:\/\/gite-courtillas.fr\/\"},{\"@type\":\"ListItem\",\"position\":2,\"name\":\"Avis clients\"}]},{\"@type\":\"WebSite\",\"@id\":\"http:\/\/gite-courtillas.fr\/#website\",\"url\":\"http:\/\/gite-courtillas.fr\/\",\"name\":\"Gite de Courtillas\",\"description\":\"Tourisme vert et baignades en Charente\",\"publisher\":{\"@id\":\"http:\/\/gite-courtillas.fr\/#organization\"},\"potentialAction\":[{\"@type\":\"SearchAction\",\"target\":{\"@type\":\"EntryPoint\",\"urlTemplate\":\"http:\/\/gite-courtillas.fr\/?s={search_term_string}\"},\"query-input\":\"required name=search_term_string\"}],\"inLanguage\":\"fr-FR\"},{\"@type\":\"Organization\",\"@id\":\"http:\/\/gite-courtillas.fr\/#organization\",\"name\":\"Gite de Courtillas\",\"url\":\"http:\/\/gite-courtillas.fr\/\",\"logo\":{\"@type\":\"ImageObject\",\"inLanguage\":\"fr-FR\",\"@id\":\"http:\/\/gite-courtillas.fr\/#\/schema\/logo\/image\/\",\"url\":\"http:\/\/gite-courtillas.fr\/wp-content\/uploads\/2015\/12\/cropped-Gite_Courtillas_Access_lite.jpg\",\"contentUrl\":\"http:\/\/gite-courtillas.fr\/wp-content\/uploads\/2015\/12\/cropped-Gite_Courtillas_Access_lite.jpg\",\"width\":512,\"height\":512,\"caption\":\"Gite de Courtillas\"},\"image\":{\"@id\":\"http:\/\/gite-courtillas.fr\/#\/schema\/logo\/image\/\"},\"sameAs\":[\"https:\/\/www.facebook.com\/Le-Gite-192389200812938\/\"]}]}<\/script>\n<!-- \/ Yoast SEO plugin. -->","yoast_head_json":{"title":"Avis clients - Gite de Courtillas","robots":{"index":"index","follow":"follow","max-snippet":"max-snippet:-1","max-image-preview":"max-image-preview:large","max-video-preview":"max-video-preview:-1"},"canonical":"http:\/\/gite-courtillas.fr\/index.php\/avis-clients\/","og_locale":"fr_FR","og_type":"article","og_title":"Avis clients - Gite de Courtillas","og_description":"Nous nous engageons \u00e0 publier ici tous les avis clients quel qu\u2019en soit le contenu. Bien s\u00fbr il peut arriver qu&rsquo;un client ne souhaite pas ou oublie de r\u00e9pondre \u00e0 notre petite enqu\u00eate. 2025 &#8211; 2024 &#8211; 12 avis 2023 &#8211; 13 avis 2022 &#8211; 6 avis 2021 &#8211; 7\u2026 En lire plus ....","og_url":"http:\/\/gite-courtillas.fr\/index.php\/avis-clients\/","og_site_name":"Gite de Courtillas","article_publisher":"https:\/\/www.facebook.com\/Le-Gite-192389200812938\/","article_modified_time":"2025-10-15T13:07:50+00:00","og_image":[{"width":1024,"height":768,"url":"https:\/\/gite-courtillas.fr\/wp-content\/uploads\/2015\/12\/P1000437-1024x768.jpg","type":"image\/jpeg"}],"twitter_card":"summary_large_image","twitter_misc":{"Dur\u00e9e de lecture estim\u00e9e":"1 minute"},"schema":{"@context":"https:\/\/schema.org","@graph":[{"@type":"WebPage","@id":"http:\/\/gite-courtillas.fr\/index.php\/avis-clients\/","url":"http:\/\/gite-courtillas.fr\/index.php\/avis-clients\/","name":"Avis clients - Gite de Courtillas","isPartOf":{"@id":"http:\/\/gite-courtillas.fr\/#website"},"datePublished":"2015-12-09T17:46:26+00:00","dateModified":"2025-10-15T13:07:50+00:00","breadcrumb":{"@id":"http:\/\/gite-courtillas.fr\/index.php\/avis-clients\/#breadcrumb"},"inLanguage":"fr-FR","potentialAction":[{"@type":"ReadAction","target":["http:\/\/gite-courtillas.fr\/index.php\/avis-clients\/"]}]},{"@type":"BreadcrumbList","@id":"http:\/\/gite-courtillas.fr\/index.php\/avis-clients\/#breadcrumb","itemListElement":[{"@type":"ListItem","position":1,"name":"Accueil","item":"http:\/\/gite-courtillas.fr\/"},{"@type":"ListItem","position":2,"name":"Avis clients"}]},{"@type":"WebSite","@id":"http:\/\/gite-courtillas.fr\/#website","url":"http:\/\/gite-courtillas.fr\/","name":"Gite de Courtillas","description":"Tourisme vert et baignades en Charente","publisher":{"@id":"http:\/\/gite-courtillas.fr\/#organization"},"potentialAction":[{"@type":"SearchAction","target":{"@type":"EntryPoint","urlTemplate":"http:\/\/gite-courtillas.fr\/?s={search_term_string}"},"query-input":"required name=search_term_string"}],"inLanguage":"fr-FR"},{"@type":"Organization","@id":"http:\/\/gite-courtillas.fr\/#organization","name":"Gite de Courtillas","url":"http:\/\/gite-courtillas.fr\/","logo":{"@type":"ImageObject","inLanguage":"fr-FR","@id":"http:\/\/gite-courtillas.fr\/#\/schema\/logo\/image\/","url":"http:\/\/gite-courtillas.fr\/wp-content\/uploads\/2015\/12\/cropped-Gite_Courtillas_Access_lite.jpg","contentUrl":"http:\/\/gite-courtillas.fr\/wp-content\/uploads\/2015\/12\/cropped-Gite_Courtillas_Access_lite.jpg","width":512,"height":512,"caption":"Gite de Courtillas"},"image":{"@id":"http:\/\/gite-courtillas.fr\/#\/schema\/logo\/image\/"},"sameAs":["https:\/\/www.facebook.com\/Le-Gite-192389200812938\/"]}]}},"jetpack_sharing_enabled":true,"_links":{"self":[{"href":"https:\/\/gite-courtillas.fr\/index.php\/wp-json\/wp\/v2\/pages\/65","targetHints":{"allow":["GET"]}}],"collection":[{"href":"https:\/\/gite-courtillas.fr\/index.php\/wp-json\/wp\/v2\/pages"}],"about":[{"href":"https:\/\/gite-courtillas.fr\/index.php\/wp-json\/wp\/v2\/types\/page"}],"author":[{"embeddable":true,"href":"https:\/\/gite-courtillas.fr\/index.php\/wp-json\/wp\/v2\/users\/1"}],"replies":[{"embeddable":true,"href":"https:\/\/gite-courtillas.fr\/index.php\/wp-json\/wp\/v2\/comments?post=65"}],"version-history":[{"count":51,"href":"https:\/\/gite-courtillas.fr\/index.php\/wp-json\/wp\/v2\/pages\/65\/revisions"}],"predecessor-version":[{"id":1747,"href":"https:\/\/gite-courtillas.fr\/index.php\/wp-json\/wp\/v2\/pages\/65\/revisions\/1747"}],"wp:attachment":[{"href":"https:\/\/gite-courtillas.fr\/index.php\/wp-json\/wp\/v2\/media?parent=65"}],"curies":[{"name":"wp","href":"https:\/\/api.w.org\/{rel}","templated":true}]}}

<p>Nous nous engageons à publier ici tous les avis clients quel qu’en soit le contenu. Bien sûr il peut arriver qu&rsquo;un client ne souhaite pas ou oublie de répondre à notre petite enquête.</p>
<p><a href="https://gite-courtillas.fr/index.php/avis-2025/">2025</a> &#8211;</p>
<p><a href="https://gite-courtillas.fr/index.php/avis-clients/avis-2024/" target="_blank" rel="noopener">2024</a> &#8211; 12 avis</p>
<p><a href="http://gite-courtillas.fr/index.php/avis-2023/" target="_blank" rel="noopener">2023</a> &#8211; 13 avis</p>
<p><a href="http://gite-courtillas.fr/index.php/avis-2022/" target="_blank" rel="noopener">2022</a> &#8211; 6 avis</p>
<p><a href="http://gite-courtillas.fr/index.php/2021-2/">2021</a> &#8211; 7 avis</p>
<p><a href="http://gite-courtillas.fr/index.php/avis-clients/avis-2020/">2020</a> &#8211; 8 avis</p>
<p><a href="http://gite-courtillas.fr/index.php/avis-clients/avis-2019/">2019</a> &#8211; 5 avis</p>
<p><a href="http://gite-courtillas.fr/index.php/avis-clients/avis-2018/">2018</a> &#8211; 4 avis</p>
<p><a href="http://gite-courtillas.fr/index.php/avis-clients/avis-2017/">2017</a> &#8211; 3 avis<br />
<a href="http://gite-courtillas.fr/index.php/avis-clients/avis-2016/">2016</a> &#8211; 5 avis</p>
<p><a href="http://gite-courtillas.fr/index.php/avis-2015/">2015</a> &#8211; 7 avis<br />
2014 &#8211; Aucun avis client en 2014<br />
<a href="http://gite-courtillas.fr/index.php/avis-2013/">2013</a> &#8211; 4 avis<br />
2012 &#8211; Aucun avis client en 2012<br />
<a href="http://gite-courtillas.fr/index.php/avis-clients/avis-2011/">2011</a> &#8211; 3 avis</p>

<p>Nous nous engageons à publier ici tous les avis clients quel qu’en soit le contenu. Bien sûr il peut arriver qu&rsquo;un client ne souhaite pas ou oublie de répondre à notre petite enquête. 2025 &#8211; 2024 &#8211; 12 avis 2023 &#8211; 13 avis 2022 &#8211; 6 avis 2021 &#8211; 7… <a class="continue-reading-link" href="https://gite-courtillas.fr/index.php/avis-clients/">En lire plus &#8230;.</a></p>

<!-- This site is optimized with the Yoast SEO plugin v22.0 - https://yoast.com/wordpress/plugins/seo/ -->
<title>Avis clients - Gite de Courtillas</title>
<meta name="robots" content="index, follow, max-snippet:-1, max-image-preview:large, max-video-preview:-1" />
<link rel="canonical" href="http://gite-courtillas.fr/index.php/avis-clients/" />
<meta property="og:locale" content="fr_FR" />
<meta property="og:type" content="article" />
<meta property="og:title" content="Avis clients - Gite de Courtillas" />
<meta property="og:description" content="Nous nous engageons à publier ici tous les avis clients quel qu’en soit le contenu. Bien sûr il peut arriver qu&rsquo;un client ne souhaite pas ou oublie de répondre à notre petite enquête. 2025 &#8211; 2024 &#8211; 12 avis 2023 &#8211; 13 avis 2022 &#8211; 6 avis 2021 &#8211; 7… En lire plus ...." />
<meta property="og:url" content="http://gite-courtillas.fr/index.php/avis-clients/" />
<meta property="og:site_name" content="Gite de Courtillas" />
<meta property="article:publisher" content="https://www.facebook.com/Le-Gite-192389200812938/" />
<meta property="article:modified_time" content="2025-10-15T13:07:50+00:00" />
<meta property="og:image" content="https://gite-courtillas.fr/wp-content/uploads/2015/12/P1000437-1024x768.jpg" />
	<meta property="og:image:width" content="1024" />
	<meta property="og:image:height" content="768" />
	<meta property="og:image:type" content="image/jpeg" />
<meta name="twitter:card" content="summary_large_image" />
<meta name="twitter:label1" content="Durée de lecture estimée" />
	<meta name="twitter:data1" content="1 minute" />
<script type="application/ld+json" class="yoast-schema-graph">{"@context":"https://schema.org","@graph":[{"@type":"WebPage","@id":"http://gite-courtillas.fr/index.php/avis-clients/","url":"http://gite-courtillas.fr/index.php/avis-clients/","name":"Avis clients - Gite de Courtillas","isPartOf":{"@id":"http://gite-courtillas.fr/#website"},"datePublished":"2015-12-09T17:46:26+00:00","dateModified":"2025-10-15T13:07:50+00:00","breadcrumb":{"@id":"http://gite-courtillas.fr/index.php/avis-clients/#breadcrumb"},"inLanguage":"fr-FR","potentialAction":[{"@type":"ReadAction","target":["http://gite-courtillas.fr/index.php/avis-clients/"]}]},{"@type":"BreadcrumbList","@id":"http://gite-courtillas.fr/index.php/avis-clients/#breadcrumb","itemListElement":[{"@type":"ListItem","position":1,"name":"Accueil","item":"http://gite-courtillas.fr/"},{"@type":"ListItem","position":2,"name":"Avis clients"}]},{"@type":"WebSite","@id":"http://gite-courtillas.fr/#website","url":"http://gite-courtillas.fr/","name":"Gite de Courtillas","description":"Tourisme vert et baignades en Charente","publisher":{"@id":"http://gite-courtillas.fr/#organization"},"potentialAction":[{"@type":"SearchAction","target":{"@type":"EntryPoint","urlTemplate":"http://gite-courtillas.fr/?s={search_term_string}"},"query-input":"required name=search_term_string"}],"inLanguage":"fr-FR"},{"@type":"Organization","@id":"http://gite-courtillas.fr/#organization","name":"Gite de Courtillas","url":"http://gite-courtillas.fr/","logo":{"@type":"ImageObject","inLanguage":"fr-FR","@id":"http://gite-courtillas.fr/#/schema/logo/image/","url":"http://gite-courtillas.fr/wp-content/uploads/2015/12/cropped-Gite_Courtillas_Access_lite.jpg","contentUrl":"http://gite-courtillas.fr/wp-content/uploads/2015/12/cropped-Gite_Courtillas_Access_lite.jpg","width":512,"height":512,"caption":"Gite de Courtillas"},"image":{"@id":"http://gite-courtillas.fr/#/schema/logo/image/"},"sameAs":["https://www.facebook.com/Le-Gite-192389200812938/"]}]}</script>
<!-- / Yoast SEO plugin. -->

Nous nous engageons à publier ici tous les avis clients quel qu’en soit le contenu. Bien sûr il peut arriver qu&rsquo;un client ne souhaite pas ou oublie de répondre à notre petite enquête. 2025 &#8211; 2024 &#8211; 12 avis 2023 &#8211; 13 avis 2022 &#8211; 6 avis 2021 &#8211; 7… En lire plus ....
