{"id":21,"date":"2015-12-07T11:02:56","date_gmt":"2015-12-07T10:02:56","guid":{"rendered":"http:\/\/gite-courtillas.fr\/?page_id=21"},"modified":"2022-02-14T06:11:24","modified_gmt":"2022-02-14T05:11:24","slug":"autour","status":"publish","type":"page","link":"https:\/\/gite-courtillas.fr\/index.php\/autour\/","title":{"rendered":"Autour"},"content":{"rendered":"<p>Le g\u00eete est situ\u00e9 en pays \u00ab\u00a0<a href=\"https:\/\/tourisme.rochefoucauld-perigord.fr\/\" target=\"_blank\" rel=\"noopener\">La Rochefoucauld Lez P\u00e9rigord<\/a>\u00a0\u00bb \u00a0sur la commune de <a href=\"https:\/\/www.france-voyage.com\/villes-villages\/montbron-2896.htm\">Montbron<\/a>, aux confins de trois d\u00e9partements (Charente, Dordogne, Haute-Vienne) maintenant r\u00e9unis dans la m\u00eame R\u00e9gion Nouvelle Aquitaine.<\/p>\n<p><a href=\"http:\/\/gite-courtillas.fr\/index.php\/autour\/cirkwi-carte-touristique-interactive\/\" target=\"_blank\" rel=\"noopener noreferrer\">Consultez la carte touristique interactive !<\/a><\/p>\n<p><a href=\"_wp_link_placeholder\" data-wplink-edit=\"true\">Montbron<\/a><\/p>\n<p><a href=\"https:\/\/www.lechambon.org\/\" target=\"_blank\" rel=\"noopener\">Centre de Loisirs du Chambon<\/a><\/p>\n<p><a href=\"https:\/\/www.tourisme-charentelimousine.fr\/\" target=\"_blank\" rel=\"noopener noreferrer\">D\u00e9couvrir la Charente Limousine<\/a><\/p>\n<p><a href=\"https:\/\/www.infiniment-charentes.com\/\" target=\"_blank\" rel=\"noopener noreferrer\">Office du tourisme de Charente<\/a><\/p>\n<p><a href=\"https:\/\/www.dordogne-perigord-tourisme.fr\/\" target=\"_blank\" rel=\"noopener noreferrer\">Office du tourisme de Dordogne\u00a0<\/a> Consultez les pays \u00ab\u00a0P\u00e9rigord Nontronnais\u00a0\u00bb et \u00ab\u00a0Dronne et Belle\u00a0\u00bb<\/p>\n<p><a href=\"http:\/\/www.tourisme-hautevienne.com\/\" target=\"_blank\" rel=\"noopener noreferrer\">Office du tourisme de Haute-Vienne<\/a><\/p>\n<p><!-- COMMENTAIRE \n\n\n\n<p>\n\n\n\n\n<p>Nous vous proposons d'autres id\u00e9es :<\/p>\n\n\n\n\n\n\n\n\n<p>&nbsp;<\/p>\n\n\n\n\n\n\n\n\n<ul>\n\n\n\n\n<li><a href=\"http:\/\/gite-courtillas.fr\/index.php\/a-demi-heure\/\">\u00e0 une demi-heure de voiture<\/a><\/li>\n\n\n\n\n\n\n\n\n<li><a href=\"http:\/\/gite-courtillas.fr\/index.php\/a-une-heure\/\">\u00e0 une heure de voiture<\/a><\/li>\n\n\n\n\n\n\n\n\n<li>plus loin.<\/li>\n\n\n\n\n<\/ul>\n\n\n\n FIN COMMENTAIRE --><\/p>\n\n\n<p><\/p>\n","protected":false},"excerpt":{"rendered":"<p>Le g\u00eete est situ\u00e9 en pays \u00ab\u00a0La Rochefoucauld Lez P\u00e9rigord\u00a0\u00bb \u00a0sur la commune de Montbron, aux confins de trois d\u00e9partements (Charente, Dordogne, Haute-Vienne) maintenant r\u00e9unis dans la m\u00eame R\u00e9gion Nouvelle Aquitaine. Consultez la carte touristique interactive ! Montbron Centre de Loisirs du Chambon D\u00e9couvrir la Charente Limousine Office du tourisme\u2026 <a class=\"continue-reading-link\" href=\"https:\/\/gite-courtillas.fr\/index.php\/autour\/\">En lire plus &#8230;.<\/a><\/p>\n","protected":false},"author":1,"featured_media":0,"parent":0,"menu_order":0,"comment_status":"closed","ping_status":"closed","template":"","meta":{"footnotes":""},"class_list":["post-21","page","type-page","status-publish","hentry"],"yoast_head":"<!-- This site is optimized with the Yoast SEO plugin v22.0 - https:\/\/yoast.com\/wordpress\/plugins\/seo\/ -->\n<title>Autour - Gite de Courtillas<\/title>\n<meta name=\"robots\" content=\"index, follow, max-snippet:-1, max-image-preview:large, max-video-preview:-1\" \/>\n<link rel=\"canonical\" href=\"http:\/\/gite-courtillas.fr\/index.php\/autour\/\" \/>\n<meta property=\"og:locale\" content=\"fr_FR\" \/>\n<meta property=\"og:type\" content=\"article\" \/>\n<meta property=\"og:title\" content=\"Autour - Gite de Courtillas\" \/>\n<meta property=\"og:description\" content=\"Le g\u00eete est situ\u00e9 en pays \u00ab\u00a0La Rochefoucauld Lez P\u00e9rigord\u00a0\u00bb \u00a0sur la commune de Montbron, aux confins de trois d\u00e9partements (Charente, Dordogne, Haute-Vienne) maintenant r\u00e9unis dans la m\u00eame R\u00e9gion Nouvelle Aquitaine. Consultez la carte touristique interactive ! Montbron Centre de Loisirs du Chambon D\u00e9couvrir la Charente Limousine Office du tourisme\u2026 En lire plus ....\" \/>\n<meta property=\"og:url\" content=\"http:\/\/gite-courtillas.fr\/index.php\/autour\/\" \/>\n<meta property=\"og:site_name\" content=\"Gite de Courtillas\" \/>\n<meta property=\"article:publisher\" content=\"https:\/\/www.facebook.com\/Le-Gite-192389200812938\/\" \/>\n<meta property=\"article:modified_time\" content=\"2022-02-14T05:11:24+00:00\" \/>\n<meta property=\"og:image\" content=\"https:\/\/gite-courtillas.fr\/wp-content\/uploads\/2015\/12\/P1000437-1024x768.jpg\" \/>\n\t<meta property=\"og:image:width\" content=\"1024\" \/>\n\t<meta property=\"og:image:height\" content=\"768\" \/>\n\t<meta property=\"og:image:type\" content=\"image\/jpeg\" \/>\n<meta name=\"twitter:card\" content=\"summary_large_image\" \/>\n<meta name=\"twitter:label1\" content=\"Dur\u00e9e de lecture estim\u00e9e\" \/>\n\t<meta name=\"twitter:data1\" content=\"1 minute\" \/>\n<script type=\"application\/ld+json\" class=\"yoast-schema-graph\">{\"@context\":\"https:\/\/schema.org\",\"@graph\":[{\"@type\":\"WebPage\",\"@id\":\"http:\/\/gite-courtillas.fr\/index.php\/autour\/\",\"url\":\"http:\/\/gite-courtillas.fr\/index.php\/autour\/\",\"name\":\"Autour - Gite de Courtillas\",\"isPartOf\":{\"@id\":\"http:\/\/gite-courtillas.fr\/#website\"},\"datePublished\":\"2015-12-07T10:02:56+00:00\",\"dateModified\":\"2022-02-14T05:11:24+00:00\",\"breadcrumb\":{\"@id\":\"http:\/\/gite-courtillas.fr\/index.php\/autour\/#breadcrumb\"},\"inLanguage\":\"fr-FR\",\"potentialAction\":[{\"@type\":\"ReadAction\",\"target\":[\"http:\/\/gite-courtillas.fr\/index.php\/autour\/\"]}]},{\"@type\":\"BreadcrumbList\",\"@id\":\"http:\/\/gite-courtillas.fr\/index.php\/autour\/#breadcrumb\",\"itemListElement\":[{\"@type\":\"ListItem\",\"position\":1,\"name\":\"Accueil\",\"item\":\"http:\/\/gite-courtillas.fr\/\"},{\"@type\":\"ListItem\",\"position\":2,\"name\":\"Autour\"}]},{\"@type\":\"WebSite\",\"@id\":\"http:\/\/gite-courtillas.fr\/#website\",\"url\":\"http:\/\/gite-courtillas.fr\/\",\"name\":\"Gite de Courtillas\",\"description\":\"Tourisme vert et baignades en Charente\",\"publisher\":{\"@id\":\"http:\/\/gite-courtillas.fr\/#organization\"},\"potentialAction\":[{\"@type\":\"SearchAction\",\"target\":{\"@type\":\"EntryPoint\",\"urlTemplate\":\"http:\/\/gite-courtillas.fr\/?s={search_term_string}\"},\"query-input\":\"required name=search_term_string\"}],\"inLanguage\":\"fr-FR\"},{\"@type\":\"Organization\",\"@id\":\"http:\/\/gite-courtillas.fr\/#organization\",\"name\":\"Gite de Courtillas\",\"url\":\"http:\/\/gite-courtillas.fr\/\",\"logo\":{\"@type\":\"ImageObject\",\"inLanguage\":\"fr-FR\",\"@id\":\"http:\/\/gite-courtillas.fr\/#\/schema\/logo\/image\/\",\"url\":\"http:\/\/gite-courtillas.fr\/wp-content\/uploads\/2015\/12\/cropped-Gite_Courtillas_Access_lite.jpg\",\"contentUrl\":\"http:\/\/gite-courtillas.fr\/wp-content\/uploads\/2015\/12\/cropped-Gite_Courtillas_Access_lite.jpg\",\"width\":512,\"height\":512,\"caption\":\"Gite de Courtillas\"},\"image\":{\"@id\":\"http:\/\/gite-courtillas.fr\/#\/schema\/logo\/image\/\"},\"sameAs\":[\"https:\/\/www.facebook.com\/Le-Gite-192389200812938\/\"]}]}<\/script>\n<!-- \/ Yoast SEO plugin. -->","yoast_head_json":{"title":"Autour - Gite de Courtillas","robots":{"index":"index","follow":"follow","max-snippet":"max-snippet:-1","max-image-preview":"max-image-preview:large","max-video-preview":"max-video-preview:-1"},"canonical":"http:\/\/gite-courtillas.fr\/index.php\/autour\/","og_locale":"fr_FR","og_type":"article","og_title":"Autour - Gite de Courtillas","og_description":"Le g\u00eete est situ\u00e9 en pays \u00ab\u00a0La Rochefoucauld Lez P\u00e9rigord\u00a0\u00bb \u00a0sur la commune de Montbron, aux confins de trois d\u00e9partements (Charente, Dordogne, Haute-Vienne) maintenant r\u00e9unis dans la m\u00eame R\u00e9gion Nouvelle Aquitaine. Consultez la carte touristique interactive ! Montbron Centre de Loisirs du Chambon D\u00e9couvrir la Charente Limousine Office du tourisme\u2026 En lire plus ....","og_url":"http:\/\/gite-courtillas.fr\/index.php\/autour\/","og_site_name":"Gite de Courtillas","article_publisher":"https:\/\/www.facebook.com\/Le-Gite-192389200812938\/","article_modified_time":"2022-02-14T05:11:24+00:00","og_image":[{"width":1024,"height":768,"url":"https:\/\/gite-courtillas.fr\/wp-content\/uploads\/2015\/12\/P1000437-1024x768.jpg","type":"image\/jpeg"}],"twitter_card":"summary_large_image","twitter_misc":{"Dur\u00e9e de lecture estim\u00e9e":"1 minute"},"schema":{"@context":"https:\/\/schema.org","@graph":[{"@type":"WebPage","@id":"http:\/\/gite-courtillas.fr\/index.php\/autour\/","url":"http:\/\/gite-courtillas.fr\/index.php\/autour\/","name":"Autour - Gite de Courtillas","isPartOf":{"@id":"http:\/\/gite-courtillas.fr\/#website"},"datePublished":"2015-12-07T10:02:56+00:00","dateModified":"2022-02-14T05:11:24+00:00","breadcrumb":{"@id":"http:\/\/gite-courtillas.fr\/index.php\/autour\/#breadcrumb"},"inLanguage":"fr-FR","potentialAction":[{"@type":"ReadAction","target":["http:\/\/gite-courtillas.fr\/index.php\/autour\/"]}]},{"@type":"BreadcrumbList","@id":"http:\/\/gite-courtillas.fr\/index.php\/autour\/#breadcrumb","itemListElement":[{"@type":"ListItem","position":1,"name":"Accueil","item":"http:\/\/gite-courtillas.fr\/"},{"@type":"ListItem","position":2,"name":"Autour"}]},{"@type":"WebSite","@id":"http:\/\/gite-courtillas.fr\/#website","url":"http:\/\/gite-courtillas.fr\/","name":"Gite de Courtillas","description":"Tourisme vert et baignades en Charente","publisher":{"@id":"http:\/\/gite-courtillas.fr\/#organization"},"potentialAction":[{"@type":"SearchAction","target":{"@type":"EntryPoint","urlTemplate":"http:\/\/gite-courtillas.fr\/?s={search_term_string}"},"query-input":"required name=search_term_string"}],"inLanguage":"fr-FR"},{"@type":"Organization","@id":"http:\/\/gite-courtillas.fr\/#organization","name":"Gite de Courtillas","url":"http:\/\/gite-courtillas.fr\/","logo":{"@type":"ImageObject","inLanguage":"fr-FR","@id":"http:\/\/gite-courtillas.fr\/#\/schema\/logo\/image\/","url":"http:\/\/gite-courtillas.fr\/wp-content\/uploads\/2015\/12\/cropped-Gite_Courtillas_Access_lite.jpg","contentUrl":"http:\/\/gite-courtillas.fr\/wp-content\/uploads\/2015\/12\/cropped-Gite_Courtillas_Access_lite.jpg","width":512,"height":512,"caption":"Gite de Courtillas"},"image":{"@id":"http:\/\/gite-courtillas.fr\/#\/schema\/logo\/image\/"},"sameAs":["https:\/\/www.facebook.com\/Le-Gite-192389200812938\/"]}]}},"jetpack_sharing_enabled":true,"_links":{"self":[{"href":"https:\/\/gite-courtillas.fr\/index.php\/wp-json\/wp\/v2\/pages\/21","targetHints":{"allow":["GET"]}}],"collection":[{"href":"https:\/\/gite-courtillas.fr\/index.php\/wp-json\/wp\/v2\/pages"}],"about":[{"href":"https:\/\/gite-courtillas.fr\/index.php\/wp-json\/wp\/v2\/types\/page"}],"author":[{"embeddable":true,"href":"https:\/\/gite-courtillas.fr\/index.php\/wp-json\/wp\/v2\/users\/1"}],"replies":[{"embeddable":true,"href":"https:\/\/gite-courtillas.fr\/index.php\/wp-json\/wp\/v2\/comments?post=21"}],"version-history":[{"count":21,"href":"https:\/\/gite-courtillas.fr\/index.php\/wp-json\/wp\/v2\/pages\/21\/revisions"}],"predecessor-version":[{"id":1471,"href":"https:\/\/gite-courtillas.fr\/index.php\/wp-json\/wp\/v2\/pages\/21\/revisions\/1471"}],"wp:attachment":[{"href":"https:\/\/gite-courtillas.fr\/index.php\/wp-json\/wp\/v2\/media?parent=21"}],"curies":[{"name":"wp","href":"https:\/\/api.w.org\/{rel}","templated":true}]}}