{"id":156,"date":"2015-12-13T15:34:05","date_gmt":"2015-12-13T14:34:05","guid":{"rendered":"http:\/\/gite-courtillas.fr\/?page_id=156"},"modified":"2016-07-23T21:35:59","modified_gmt":"2016-07-23T19:35:59","slug":"avis-2015","status":"publish","type":"page","link":"https:\/\/gite-courtillas.fr\/index.php\/avis-clients\/avis-2015\/","title":{"rendered":"Avis 2015"},"content":{"rendered":"<p>7 avis<br \/>\nNos r\u00e9ponses aux diff\u00e9rentes demandes :<br \/>\n1) Nous pr\u00eatons gracieusement le mat\u00e9riel manquant sur demande et si nous en disposons, ce qui est le cas pour les fl\u00fbtes \u00e0 champagne.<br \/>\n2) Nous allons enlever la contre-marche pour rendre l&rsquo;escalier plus s\u00fbr.<br \/>\n3) La porte de la salle de bain peut dor\u00e9navant \u00eatre verrouill\u00e9e<br \/>\n4) Nous r\u00e9fl\u00e9chissons \u00e0 la question de rideaux occultants<\/p>\n<p><iframe loading=\"lazy\" src=\"https:\/\/docs.google.com\/a\/gite-courtillas.fr\/file\/d\/0BwOidRHb-GZwYWxUZkJWeGpfbUE\/preview\" width=\"600\" height=\"800\"><\/iframe><\/p>\n","protected":false},"excerpt":{"rendered":"<p>7 avis Nos r\u00e9ponses aux diff\u00e9rentes demandes : 1) Nous pr\u00eatons gracieusement le mat\u00e9riel manquant sur demande et si nous en disposons, ce qui est le cas pour les fl\u00fbtes \u00e0 champagne. 2) Nous allons enlever la contre-marche pour rendre l&rsquo;escalier plus s\u00fbr. 3) La porte de la salle de\u2026 <a class=\"continue-reading-link\" href=\"https:\/\/gite-courtillas.fr\/index.php\/avis-clients\/avis-2015\/\">En lire plus &#8230;.<\/a><\/p>\n","protected":false},"author":1,"featured_media":0,"parent":65,"menu_order":0,"comment_status":"closed","ping_status":"closed","template":"","meta":{"footnotes":""},"class_list":["post-156","page","type-page","status-publish","hentry"],"yoast_head":"<!-- This site is optimized with the Yoast SEO plugin v22.0 - https:\/\/yoast.com\/wordpress\/plugins\/seo\/ -->\n<title>Avis 2015 - Gite de Courtillas<\/title>\n<meta name=\"robots\" content=\"index, follow, max-snippet:-1, max-image-preview:large, max-video-preview:-1\" \/>\n<link rel=\"canonical\" href=\"https:\/\/gite-courtillas.fr\/index.php\/avis-clients\/avis-2015\/\" \/>\n<meta property=\"og:locale\" content=\"fr_FR\" \/>\n<meta property=\"og:type\" content=\"article\" \/>\n<meta property=\"og:title\" content=\"Avis 2015 - Gite de Courtillas\" \/>\n<meta property=\"og:description\" content=\"7 avis Nos r\u00e9ponses aux diff\u00e9rentes demandes : 1) Nous pr\u00eatons gracieusement le mat\u00e9riel manquant sur demande et si nous en disposons, ce qui est le cas pour les fl\u00fbtes \u00e0 champagne. 2) Nous allons enlever la contre-marche pour rendre l&rsquo;escalier plus s\u00fbr. 3) La porte de la salle de\u2026 En lire plus ....\" \/>\n<meta property=\"og:url\" content=\"https:\/\/gite-courtillas.fr\/index.php\/avis-clients\/avis-2015\/\" \/>\n<meta property=\"og:site_name\" content=\"Gite de Courtillas\" \/>\n<meta property=\"article:publisher\" content=\"https:\/\/www.facebook.com\/Le-Gite-192389200812938\/\" \/>\n<meta property=\"article:modified_time\" content=\"2016-07-23T19:35:59+00:00\" \/>\n<meta property=\"og:image\" content=\"https:\/\/gite-courtillas.fr\/wp-content\/uploads\/2015\/12\/P1000437-1024x768.jpg\" \/>\n\t<meta property=\"og:image:width\" content=\"1024\" \/>\n\t<meta property=\"og:image:height\" content=\"768\" \/>\n\t<meta property=\"og:image:type\" content=\"image\/jpeg\" \/>\n<meta name=\"twitter:card\" content=\"summary_large_image\" \/>\n<script type=\"application\/ld+json\" class=\"yoast-schema-graph\">{\"@context\":\"https:\/\/schema.org\",\"@graph\":[{\"@type\":\"WebPage\",\"@id\":\"https:\/\/gite-courtillas.fr\/index.php\/avis-clients\/avis-2015\/\",\"url\":\"https:\/\/gite-courtillas.fr\/index.php\/avis-clients\/avis-2015\/\",\"name\":\"Avis 2015 - Gite de Courtillas\",\"isPartOf\":{\"@id\":\"http:\/\/gite-courtillas.fr\/#website\"},\"datePublished\":\"2015-12-13T14:34:05+00:00\",\"dateModified\":\"2016-07-23T19:35:59+00:00\",\"breadcrumb\":{\"@id\":\"https:\/\/gite-courtillas.fr\/index.php\/avis-clients\/avis-2015\/#breadcrumb\"},\"inLanguage\":\"fr-FR\",\"potentialAction\":[{\"@type\":\"ReadAction\",\"target\":[\"https:\/\/gite-courtillas.fr\/index.php\/avis-clients\/avis-2015\/\"]}]},{\"@type\":\"BreadcrumbList\",\"@id\":\"https:\/\/gite-courtillas.fr\/index.php\/avis-clients\/avis-2015\/#breadcrumb\",\"itemListElement\":[{\"@type\":\"ListItem\",\"position\":1,\"name\":\"Accueil\",\"item\":\"http:\/\/gite-courtillas.fr\/\"},{\"@type\":\"ListItem\",\"position\":2,\"name\":\"Avis clients\",\"item\":\"http:\/\/gite-courtillas.fr\/index.php\/avis-clients\/\"},{\"@type\":\"ListItem\",\"position\":3,\"name\":\"Avis 2015\"}]},{\"@type\":\"WebSite\",\"@id\":\"http:\/\/gite-courtillas.fr\/#website\",\"url\":\"http:\/\/gite-courtillas.fr\/\",\"name\":\"Gite de Courtillas\",\"description\":\"Tourisme vert et baignades en Charente\",\"publisher\":{\"@id\":\"http:\/\/gite-courtillas.fr\/#organization\"},\"potentialAction\":[{\"@type\":\"SearchAction\",\"target\":{\"@type\":\"EntryPoint\",\"urlTemplate\":\"http:\/\/gite-courtillas.fr\/?s={search_term_string}\"},\"query-input\":\"required name=search_term_string\"}],\"inLanguage\":\"fr-FR\"},{\"@type\":\"Organization\",\"@id\":\"http:\/\/gite-courtillas.fr\/#organization\",\"name\":\"Gite de Courtillas\",\"url\":\"http:\/\/gite-courtillas.fr\/\",\"logo\":{\"@type\":\"ImageObject\",\"inLanguage\":\"fr-FR\",\"@id\":\"http:\/\/gite-courtillas.fr\/#\/schema\/logo\/image\/\",\"url\":\"http:\/\/gite-courtillas.fr\/wp-content\/uploads\/2015\/12\/cropped-Gite_Courtillas_Access_lite.jpg\",\"contentUrl\":\"http:\/\/gite-courtillas.fr\/wp-content\/uploads\/2015\/12\/cropped-Gite_Courtillas_Access_lite.jpg\",\"width\":512,\"height\":512,\"caption\":\"Gite de Courtillas\"},\"image\":{\"@id\":\"http:\/\/gite-courtillas.fr\/#\/schema\/logo\/image\/\"},\"sameAs\":[\"https:\/\/www.facebook.com\/Le-Gite-192389200812938\/\"]}]}<\/script>\n<!-- \/ Yoast SEO plugin. -->","yoast_head_json":{"title":"Avis 2015 - Gite de Courtillas","robots":{"index":"index","follow":"follow","max-snippet":"max-snippet:-1","max-image-preview":"max-image-preview:large","max-video-preview":"max-video-preview:-1"},"canonical":"https:\/\/gite-courtillas.fr\/index.php\/avis-clients\/avis-2015\/","og_locale":"fr_FR","og_type":"article","og_title":"Avis 2015 - Gite de Courtillas","og_description":"7 avis Nos r\u00e9ponses aux diff\u00e9rentes demandes : 1) Nous pr\u00eatons gracieusement le mat\u00e9riel manquant sur demande et si nous en disposons, ce qui est le cas pour les fl\u00fbtes \u00e0 champagne. 2) Nous allons enlever la contre-marche pour rendre l&rsquo;escalier plus s\u00fbr. 3) La porte de la salle de\u2026 En lire plus ....","og_url":"https:\/\/gite-courtillas.fr\/index.php\/avis-clients\/avis-2015\/","og_site_name":"Gite de Courtillas","article_publisher":"https:\/\/www.facebook.com\/Le-Gite-192389200812938\/","article_modified_time":"2016-07-23T19:35:59+00:00","og_image":[{"width":1024,"height":768,"url":"https:\/\/gite-courtillas.fr\/wp-content\/uploads\/2015\/12\/P1000437-1024x768.jpg","type":"image\/jpeg"}],"twitter_card":"summary_large_image","schema":{"@context":"https:\/\/schema.org","@graph":[{"@type":"WebPage","@id":"https:\/\/gite-courtillas.fr\/index.php\/avis-clients\/avis-2015\/","url":"https:\/\/gite-courtillas.fr\/index.php\/avis-clients\/avis-2015\/","name":"Avis 2015 - Gite de Courtillas","isPartOf":{"@id":"http:\/\/gite-courtillas.fr\/#website"},"datePublished":"2015-12-13T14:34:05+00:00","dateModified":"2016-07-23T19:35:59+00:00","breadcrumb":{"@id":"https:\/\/gite-courtillas.fr\/index.php\/avis-clients\/avis-2015\/#breadcrumb"},"inLanguage":"fr-FR","potentialAction":[{"@type":"ReadAction","target":["https:\/\/gite-courtillas.fr\/index.php\/avis-clients\/avis-2015\/"]}]},{"@type":"BreadcrumbList","@id":"https:\/\/gite-courtillas.fr\/index.php\/avis-clients\/avis-2015\/#breadcrumb","itemListElement":[{"@type":"ListItem","position":1,"name":"Accueil","item":"http:\/\/gite-courtillas.fr\/"},{"@type":"ListItem","position":2,"name":"Avis clients","item":"http:\/\/gite-courtillas.fr\/index.php\/avis-clients\/"},{"@type":"ListItem","position":3,"name":"Avis 2015"}]},{"@type":"WebSite","@id":"http:\/\/gite-courtillas.fr\/#website","url":"http:\/\/gite-courtillas.fr\/","name":"Gite de Courtillas","description":"Tourisme vert et baignades en Charente","publisher":{"@id":"http:\/\/gite-courtillas.fr\/#organization"},"potentialAction":[{"@type":"SearchAction","target":{"@type":"EntryPoint","urlTemplate":"http:\/\/gite-courtillas.fr\/?s={search_term_string}"},"query-input":"required name=search_term_string"}],"inLanguage":"fr-FR"},{"@type":"Organization","@id":"http:\/\/gite-courtillas.fr\/#organization","name":"Gite de Courtillas","url":"http:\/\/gite-courtillas.fr\/","logo":{"@type":"ImageObject","inLanguage":"fr-FR","@id":"http:\/\/gite-courtillas.fr\/#\/schema\/logo\/image\/","url":"http:\/\/gite-courtillas.fr\/wp-content\/uploads\/2015\/12\/cropped-Gite_Courtillas_Access_lite.jpg","contentUrl":"http:\/\/gite-courtillas.fr\/wp-content\/uploads\/2015\/12\/cropped-Gite_Courtillas_Access_lite.jpg","width":512,"height":512,"caption":"Gite de Courtillas"},"image":{"@id":"http:\/\/gite-courtillas.fr\/#\/schema\/logo\/image\/"},"sameAs":["https:\/\/www.facebook.com\/Le-Gite-192389200812938\/"]}]}},"jetpack_sharing_enabled":true,"_links":{"self":[{"href":"https:\/\/gite-courtillas.fr\/index.php\/wp-json\/wp\/v2\/pages\/156","targetHints":{"allow":["GET"]}}],"collection":[{"href":"https:\/\/gite-courtillas.fr\/index.php\/wp-json\/wp\/v2\/pages"}],"about":[{"href":"https:\/\/gite-courtillas.fr\/index.php\/wp-json\/wp\/v2\/types\/page"}],"author":[{"embeddable":true,"href":"https:\/\/gite-courtillas.fr\/index.php\/wp-json\/wp\/v2\/users\/1"}],"replies":[{"embeddable":true,"href":"https:\/\/gite-courtillas.fr\/index.php\/wp-json\/wp\/v2\/comments?post=156"}],"version-history":[{"count":7,"href":"https:\/\/gite-courtillas.fr\/index.php\/wp-json\/wp\/v2\/pages\/156\/revisions"}],"predecessor-version":[{"id":569,"href":"https:\/\/gite-courtillas.fr\/index.php\/wp-json\/wp\/v2\/pages\/156\/revisions\/569"}],"up":[{"embeddable":true,"href":"https:\/\/gite-courtillas.fr\/index.php\/wp-json\/wp\/v2\/pages\/65"}],"wp:attachment":[{"href":"https:\/\/gite-courtillas.fr\/index.php\/wp-json\/wp\/v2\/media?parent=156"}],"curies":[{"name":"wp","href":"https:\/\/api.w.org\/{rel}","templated":true}]}}

<p>7 avis<br />
Nos réponses aux différentes demandes :<br />
1) Nous prêtons gracieusement le matériel manquant sur demande et si nous en disposons, ce qui est le cas pour les flûtes à champagne.<br />
2) Nous allons enlever la contre-marche pour rendre l&rsquo;escalier plus sûr.<br />
3) La porte de la salle de bain peut dorénavant être verrouillée<br />
4) Nous réfléchissons à la question de rideaux occultants</p>
<p><iframe loading="lazy" src="https://docs.google.com/a/gite-courtillas.fr/file/d/0BwOidRHb-GZwYWxUZkJWeGpfbUE/preview" width="600" height="800"></iframe></p>

<p>7 avis Nos réponses aux différentes demandes : 1) Nous prêtons gracieusement le matériel manquant sur demande et si nous en disposons, ce qui est le cas pour les flûtes à champagne. 2) Nous allons enlever la contre-marche pour rendre l&rsquo;escalier plus sûr. 3) La porte de la salle de… <a class="continue-reading-link" href="https://gite-courtillas.fr/index.php/avis-clients/avis-2015/">En lire plus &#8230;.</a></p>

<!-- This site is optimized with the Yoast SEO plugin v22.0 - https://yoast.com/wordpress/plugins/seo/ -->
<title>Avis 2015 - Gite de Courtillas</title>
<meta name="robots" content="index, follow, max-snippet:-1, max-image-preview:large, max-video-preview:-1" />
<link rel="canonical" href="https://gite-courtillas.fr/index.php/avis-clients/avis-2015/" />
<meta property="og:locale" content="fr_FR" />
<meta property="og:type" content="article" />
<meta property="og:title" content="Avis 2015 - Gite de Courtillas" />
<meta property="og:description" content="7 avis Nos réponses aux différentes demandes : 1) Nous prêtons gracieusement le matériel manquant sur demande et si nous en disposons, ce qui est le cas pour les flûtes à champagne. 2) Nous allons enlever la contre-marche pour rendre l&rsquo;escalier plus sûr. 3) La porte de la salle de… En lire plus ...." />
<meta property="og:url" content="https://gite-courtillas.fr/index.php/avis-clients/avis-2015/" />
<meta property="og:site_name" content="Gite de Courtillas" />
<meta property="article:publisher" content="https://www.facebook.com/Le-Gite-192389200812938/" />
<meta property="article:modified_time" content="2016-07-23T19:35:59+00:00" />
<meta property="og:image" content="https://gite-courtillas.fr/wp-content/uploads/2015/12/P1000437-1024x768.jpg" />
	<meta property="og:image:width" content="1024" />
	<meta property="og:image:height" content="768" />
	<meta property="og:image:type" content="image/jpeg" />
<meta name="twitter:card" content="summary_large_image" />
<script type="application/ld+json" class="yoast-schema-graph">{"@context":"https://schema.org","@graph":[{"@type":"WebPage","@id":"https://gite-courtillas.fr/index.php/avis-clients/avis-2015/","url":"https://gite-courtillas.fr/index.php/avis-clients/avis-2015/","name":"Avis 2015 - Gite de Courtillas","isPartOf":{"@id":"http://gite-courtillas.fr/#website"},"datePublished":"2015-12-13T14:34:05+00:00","dateModified":"2016-07-23T19:35:59+00:00","breadcrumb":{"@id":"https://gite-courtillas.fr/index.php/avis-clients/avis-2015/#breadcrumb"},"inLanguage":"fr-FR","potentialAction":[{"@type":"ReadAction","target":["https://gite-courtillas.fr/index.php/avis-clients/avis-2015/"]}]},{"@type":"BreadcrumbList","@id":"https://gite-courtillas.fr/index.php/avis-clients/avis-2015/#breadcrumb","itemListElement":[{"@type":"ListItem","position":1,"name":"Accueil","item":"http://gite-courtillas.fr/"},{"@type":"ListItem","position":2,"name":"Avis clients","item":"http://gite-courtillas.fr/index.php/avis-clients/"},{"@type":"ListItem","position":3,"name":"Avis 2015"}]},{"@type":"WebSite","@id":"http://gite-courtillas.fr/#website","url":"http://gite-courtillas.fr/","name":"Gite de Courtillas","description":"Tourisme vert et baignades en Charente","publisher":{"@id":"http://gite-courtillas.fr/#organization"},"potentialAction":[{"@type":"SearchAction","target":{"@type":"EntryPoint","urlTemplate":"http://gite-courtillas.fr/?s={search_term_string}"},"query-input":"required name=search_term_string"}],"inLanguage":"fr-FR"},{"@type":"Organization","@id":"http://gite-courtillas.fr/#organization","name":"Gite de Courtillas","url":"http://gite-courtillas.fr/","logo":{"@type":"ImageObject","inLanguage":"fr-FR","@id":"http://gite-courtillas.fr/#/schema/logo/image/","url":"http://gite-courtillas.fr/wp-content/uploads/2015/12/cropped-Gite_Courtillas_Access_lite.jpg","contentUrl":"http://gite-courtillas.fr/wp-content/uploads/2015/12/cropped-Gite_Courtillas_Access_lite.jpg","width":512,"height":512,"caption":"Gite de Courtillas"},"image":{"@id":"http://gite-courtillas.fr/#/schema/logo/image/"},"sameAs":["https://www.facebook.com/Le-Gite-192389200812938/"]}]}</script>
<!-- / Yoast SEO plugin. -->

7 avis Nos réponses aux différentes demandes : 1) Nous prêtons gracieusement le matériel manquant sur demande et si nous en disposons, ce qui est le cas pour les flûtes à champagne. 2) Nous allons enlever la contre-marche pour rendre l&rsquo;escalier plus sûr. 3) La porte de la salle de… En lire plus ....
